 - 39331. What is t(4)?
45
Let n(m) = -6*m**2 - 50*m + 4. Calculate n(-9).
-32
Let o(k) = k**3 + 2340*k**2 + 76140*k + 322. What is o(-33)?
25
Let n(d) = -2*d**2 + 78173*d - 703399. Give n(9).
-4
Let l(v) = 13*v**2 + 149*v + 151. Calculate l(-1).
15
Let w(c) = -17*c**3 - 2774*c**2 - 5951*c + 969. Calculate w(-161).
3
Let l(m) = -277*m + 34314. Calculate l(124).
-34
Let f(d) = -4*d**3 + 31*d**2 + 383*d - 395. Determine f(14).
67
Let o(w) = 603*w - 38839. Calculate o(64).
-247
Let p(a) = -160*a**2 + 4858*a - 21460. Give p(25).
-10
Let x(d) = d**3 + 6*d**2 - 286*d + 4. Give x(14).
-80
Let j(u) = -1117*u + 8172. Give j(7).
353
Let s(v) = v**2 - 82*v + 1300. Calculate s(50).
-300
Let v(l) = -1314*l - 5270. What is v(-4)?
-14
Let f(u) = 90*u**2 - 2519*u - 37. Determine f(28).
-9
Let r(q) = 112196*q**2 - 448784*q - 6. Determine r(4).
-6
Let p(a) = 1224*a + 9783. Calculate p(-8).
-9
Let o(w) = -292*w + 27187. Give o(98).
-1429
Let k(y) = 5*y**3 - 21*y**2 - 87*y + 54. What is k(7)?
131
Let i(h) = -h**3 - 38*h**2 + 371*h + 229. Calculate i(-46).
91
Let l(j) = 4068*j - 134162. What is l(33)?
82
Let f(v) = 10*v**2 + 507*v - 348. What is f(-49)?
-1181
Let v(j) = -2*j**3 + 11*j**2 + 1231*j - 4960. Give v(4).
12
Let q(a) = -a**2 - 77*a - 982. Calculate q(-17).
38
Let a(m) = m**3 - 579*m**2 + 3436*m + 32. Give a(6).
20
Let k(b) = -5*b**2 - 748*b - 8243. Determine k(-11).
-620
Let a(v) = v**2 - 14317*v - 387231. What is a(-27)?
57
Let z(f) = 413956*f - 6623304. Calculate z(16).
-8
Let m(g) = -55*g**2 + 250*g - 729. Determine m(3).
-474
Let z(p) = -p**3 + 700*p**2 - 14265*p + 89. Determine z(21).
-37
Let f(g) = -18951*g + 151623. Determine f(8).
15
Let u(h) = -17*h**2 - 1415*h + 18422. Determine u(13).
-2846
Let l(f) = f**3 + 14*f**2 + 1846*f + 25781. Calculate l(-14).
-63
Let t(o) = -o**2 - 384*o - 23260. Calculate t(-309).
-85
Let x(w) = -w**3 - 20*w**2 + 433*w - 896. Give x(-33).
-1028
Let x(l) = -77*l - 3772. Determine x(-65).
1233
Let q(r) = -64*r**2 - 1486*r + 25. Give q(-23).
347
Let t(i) = 3*i**3 + 32*i**2 + 415*i + 4727. Determine t(-11).
41
Let v(y) = -8*y**2 - 3072*y - 294268. What is v(-201)?
-4
Let w(u) = -55201*u - 30084547. What is w(-545)?
-2
Let f(j) = -5*j**2 - 984*j + 5195. What is f(5)?
150
Let l(r) = r**3 - 158*r**2 - 300*r - 3144. Give l(160).
56
Let a(k) = -3072*k - 500750. What is a(-163)?
-14
Let o(g) = -709*g + 9234. Give o(13).
17
Let d(g) = 770*g + 54674. Give d(-71).
4
Let p(w) = w**2 + 83*w + 1321. What is p(-57)?
-161
Let q(j) = -2*j**3 - 84*j**2 - 837*j - 447. What is q(-15)?
-42
Let p(j) = -1433*j - 1130. Give p(-1).
303
Let d(m) = 8789*m - 228822. Calculate d(26).
-308
Let q(g) = -1088*g**3 + g**2 - 1597*g + 1597. Calculate q(1).
-1087
Let l(m) = 11*m**3 - 154*m**2 - 46*m + 36. Calculate l(14).
-608
Let z(t) = -2*t**3 - 382*t**2 + 6179*t - 196. Determine z(-206).
10
Let z(x) = x**3 - 3594*x**2 + 173707*x - 98. Give z(49).
0
Let x(h) = 3*h**3 + 8*h**2 + 227*h + 467. What is x(-2)?
21
Let v(b) = 496*b - 197191. Give v(397).
-279
Let n(y) = 127*y - 2432. Calculate n(22).
362
Let j(l) = -2*l**3 + 516*l**2 + 4804*l + 549. Determine j(267).
15
Let h(j) = -25053*j + 776647. What is h(31)?
4
Let m(k) = 2021435*k - 18192919. What is m(9)?
-4
Let s(c) = 1303*c + 108916. Calculate s(-84).
-536
Let r(h) = h**3 + 39*h**2 + 396*h + 290. What is r(-18)?
-34
Let u(v) = -757*v - 818. Determine u(-1).
-61
Let m(q) = -1074*q - 147383. Calculate m(-137).
-245
Let u(t) = t**2 + 55*t - 5294. Give u(71).
3652
Let n(f) = 2*f**3 + 37*f**2 - 28*f - 30. What is n(-19)?
141
Let i(q) = q**3 + 16*q**2 + 1001*q + 23233. Calculate i(-21).
7
Let r(j) = -j**3 + 104*j**2 - 1627*j + 1178. Determine r(85).
158
Let w(c) = 2587*c + 152857. Calculate w(-59).
224
Let n(r) = -r**3 + 226*r**2 - 173*r - 11505. Determine n(225).
195
Let c(v) = -59526*v**2 - 297632*v - 8. Give c(-5).
2
Let i(q) = q**2 - 399*q + 10719. Calculate i(29).
-11
Let v(t) = 609*t**3 + 3*t**2 - 71*t + 138. Determine v(2).
4880
Let f(a) = 9*a - 139. What is f(66)?
455
Let g(a) = a**3 - 127*a**2 - 147*a + 2623. Give g(128).
191
Let g(q) = -2561*q + 99405. Determine g(39).
-474
Let s(m) = -18*m**2 + 1801*m - 25416. Give s(17).
-1
Let x(y) = -95794*y + 9962588. What is x(104)?
12
Let z(b) = -426*b + 88138. Calculate z(207).
-44
Let l(g) = g**2 - 310*g + 16563. What is l(72)?
-573
Let p(l) = -31094*l + 93258. Give p(3).
-24
Let v(n) = 55*n**2 - 7705*n + 23210. Give v(137).
-80
Let d(o) = -58*o - 16819. Calculate d(-289).
-57
Let r(h) = -1500*h - 29959. Determine r(-20).
41
Let s(i) = -i**3 + 1337*i**2 - 19825*i - 34. What is s(15)?
41
Let f(c) = -677*c**2 + 2000*c + 92. Give f(3).
-1
Let t(n) = -n**3 + 83*n**2 + 104*n - 8759. Determine t(83).
-127
Let b(u) = -441*u**2 - 82*u - 85. Calculate b(-1).
-444
Let z(q) = -q**3 + 367*q**2 + 29*q - 9565. What is z(367)?
1078
Let a(v) = -v**3 - 31*v**2 + 46*v + 652. Give a(-32).
204
Let a(d) = 187*d + 13240. Give a(-69).
337
Let z(y) = 1463*y + 485722. What is z(-332)?
6
Let h(u) = -164*u**2 - 1504*u - 175. Determine h(-9).
77
Let p(c) = 59345*c - 31808908. Calculate p(536).
12
Let m(n) = -n**2 + 562*n - 78691. Give m(300).
-91
Let i(h) = -67951*h - 3737305. Determine i(-55).
0
Let t(w) = 33*w**2 - 139*w - 288. What is t(6)?
66
Let b(c) = 17*c**2 + 92*c + 277. Give b(-3).
154
Let j(k) = -130*k**2 + 7810*k - 596. Give j(60).
4
Let i(m) = 303*m - 4705. Determine i(10).
-1675
Let b(y) = 160*y - 6023. Determine b(36).
-263
Let u(v) = -65*v**2 - 453*v + 1938. What is u(3)?
-6
Let p(m) = -2*m**3 + 668*m**2 - 668*m + 1299. Give p(333).
633
Let i(n) = -7597*n - 15174. What is i(-2)?
20
Let t(r) = 1684*r - 166723. Determine t(99).
-7
Let m(t) = 16*t**3 + 83*t**2 - 126*t - 584. Determine m(-5).
121
Let n(j) = -2*j**2 + 586*j + 15726. Determine n(318).
-174
Let w(c) = 1614131*c - 20983714. Determine w(13).
-11
Let c(l) = 6*l**3 - 3*l**2 - 27*l - 3. Determine c(4).
225
Let y(z) = 12811*z + 76851. What is y(-6)?
-15
Let b(z) = 1595*z - 303193. What is b(190)?
-143
Let x(l) = l**3 + 159*l**2 - 1524*l - 2041. What is x(-168)?
-25
Let h(l) = 22*l**2 - 40*l + 152. Calculate h(4).
344
Let w(p) = -7366*p + 346196. What is w(47)?
-6
Let v(h) = h**3 - 3180*h + 12685. Determine v(4).
29
Let z(x) = x**2 + 280*x + 18451. Calculate z(-107).
-60
Let h(t) = -5520*t - 22186. Give h(-4).
-106
Let q(j) = -58*j**2 + 381*j - 48. Determine q(7).
-223
Let i(h) = -67525*h - 202577. Determine i(-3).
-2
Let d(j) = -14*j**3 - 2*j**2 - 13*j + 56. Calculate d(-4).
972
Let s(k) = 3*k**3 - 1164*k**2 + 3455*k + 32. Give s(3).
2
Let j(l) = 5*l**2 - 809*l + 5216. Give j(156).
692
Let y(b) = 139*b - 1712. Determine y(4).
-1156
Let d(c) = -6*c**3 - 10*c**2 + 63*c + 94. What is d(-7)?
1221
Let y(d) = -83*d**2 + 38468*d + 59053. Calculate y(465).
-2
Let i(c) = 70*c**2 + 1786*c - 2815. What is i(-27)?
-7
Let j(s) = 1143*s + 38296. What is j(-34)?
-566
Let f(d) = -2604*d + 111966. What is f(43)?
-6
Let a(n) = -5*n**3 + 125*n**2 + 8*n - 275. What is a(25)?
-75
Let k(v) = v**3 - 20*v**2 - 72263*v - 308. Give k(-259).
210
Let g(a) = a**3 + 38*a**2 - 60*a + 1355. Calculate g(-39).
2174
Let o(p) = 2130530*p + 29827421. Determine o(-14).
1
Let l(x) = x**3 - 112*x**2 + 2910*x + 162. What is l(71)?
91
Let z(p) = 2*p**2 + 1417*p + 177838. What is z(-163)?
5
Let t(p) = 226*p**3 + 1576*p**2 - 50*p - 359. Determine t(-7).
-303
Let i(h) = -137766*h - 413519. Give i(-3).
-221
Let q(x) = 261110*x + 1044500. Determine q(-4).
60
Let w(g) = -11274*g - 631355. Determine w(-56).
-11
Let r(w) = -7876*w - 78238. Give r(-10).
522
Let z(m) = -m**3 - 300*m**2 - 2635*m - 4669. Determine z(-291).
-13
Let h(y) = 33*y**2 + 447*y - 298. Calculate h(-15).
422
Let l(r) = r**2 - 4457*r + 40029. Calculate l(9).
-3
Let j(y) = -y**2 + 3251*y + 1004143. Give j(-284).
203
Let p(t) = 379178*t - 1516740. Give p(4).
-28
Let n(c) = -4*c**3 + 36*c**2 - 910*c + 8225. Determine n(9).
35
Let r(i) = i**2 - 257*i - 18011. Determine r(-55).
-851
Let o(n) = 317*n + 476. What is o(0)?
476
Let n(h) = h**3 - 602*h**2 + 1297*h - 58210. Determine n(600).
-10
Let o(l) = l**3 - 34*l**2 - 6792*l + 236520. Calculate o(35).
25
Let k(h) = -7*h**2 + 3094*h - 56489. Determine k(423).
-230
Let m(x) = 569*x**3 + 30728*x**2 + 139*x + 1685. Determine m(-54).
11
Let z(r) = 5*